 of 7?
False
Is 131 a factor of 6695879?
False
Is 1084479375 a multiple of 75?
True
Is 91 a factor of 1698346?
False
Is 23669682 a multiple of 15?
False
Is 960 a factor of 8038080?
True
Is 68 a factor of 134693108?
True
Is 285232752 a multiple of 126?
True
Is 17821542 a multiple of 17?
True
Does 7773 divide 249449859?
False
Is 42 a factor of 117155640?
True
Is 789 a factor of 61859216?
False
Does 1658 divide 911485896?
False
Does 802 divide 66078831?
False
Is 981036 a multiple of 1428?
True
Does 44 divide 130745780?
True
Is 652858831 a multiple of 172?
False
Is 14 a factor of 331907811?
False
Is 47 a factor of 40121597?
True
Does 204 divide 21132528?
False
Does 58 divide 1576728610?
False
Is 766881097 a multiple of 2313?
False
Is 24 a factor of 77232387?
False
Is 23086944 a multiple of 32?
True
Does 34 divide 10138561?
False
Is 1890 a factor of 89674830?
True
Is 1590801727 a multiple of 257?
False
Is 640214372 a multiple of 4239?
False
Does 2 divide 27253286?
True
Does 23 divide 103452261?
False
Is 408 a factor of 2649590407?
False
Does 26 divide 2314632?
False
Is 13300424 a multiple of 12?
False
Is 21 a factor of 2641253?
False
Is 663 a factor of 1198005198?
True
Does 992 divide 236113856?
True
Is 179259870 a multiple of 10?
True
Is 19447974 a multiple of 546?
True
Does 3 divide 793333?
False
Is 480280199 a multiple of 170?
False
Is 769814127 a multiple of 73?
True
Is 4722294 a multiple of 402?
True
Is 22192461 a multiple of 3?
True
Is 3 a factor of 41555492?
False
Is 14274548 a multiple of 76?
True
Is 1418 a factor of 95204520?
True
Does 24 divide 67952352?
True
Does 12353 divide 849034043?
True
Is 478511774 a multiple of 560?
False
Is 668612520 a multiple of 1154?
False
Does 20 divide 15235090?
False
Does 5934 divide 2272131792?
False
Is 202 a factor of 2468531910?
True
Is 166 a factor of 93327524?
True
Is 47988237 a multiple of 363?
True
Does 3317 divide 281351257?
True
Is 45026720 a multiple of 769?
False
Is 381 a factor of 48573878?
False
Is 12579826 a multiple of 13?
False
Is 2187160 a multiple of 10?
True
Does 747 divide 42818683?
False
Is 11527985 a multiple of 1055?
True
Is 13 a factor of 102493653?
False
Is 50970248 a multiple of 3736?
True
Is 7099 a factor of 39771270?
False
Is 6716675 a multiple of 49?
True
Is 1958289 a multiple of 58?
False
Is 9 a factor of 1237423734?
True
Does 13 divide 384175493?
True
Does 222 divide 4387275963?
False
Is 363855518 a multiple of 4474?
False
Is 15 a factor of 24150030?
True
Is 337 a factor of 26608603?
False
Does 6762 divide 1452213882?
True
Is 104018097 a multiple of 47?
True
Is 37 a factor of 14385970?
True
Is 142 a factor of 35798201?
False
Is 10 a factor of 317277800?
True
Is 64735192 a multiple of 232?
True
Is 624814330 a multiple of 10?
True
Is 1685406630 a multiple of 435?
True
Does 36 divide 14499468?
True
Is 32144202 a multiple of 10?
False
Does 16 divide 18000029?
False
Is 127 a factor of 976150956?
True
Is 61521705 a multiple of 63?
True
Does 28 divide 45630004?
True
Is 550771000 a multiple of 650?
True
Does 1007 divide 17497632?
True
Does 1313 divide 144578369?
True
Is 886567094 a multiple of 3539?
False
Is 4 a factor of 870010131?
False
Is 483 a factor of 934059142?
False
Is 97 a factor of 20669236?
False
Is 3892 a factor of 3214556336?
False
Is 167 a factor of 695195115?
True
Is 33735792 a multiple of 114?
True
Is 34 a factor of 177972184?
True
Is 460877100 a multiple of 50?
True
Is 1742664 a multiple of 322?
True
Does 4369 divide 303287242?
True
Is 1332 a factor of 132206328?
True
Is 546 a factor of 96154988?
False
Is 1269 a factor of 460384654?
False
Is 286064600 a multiple of 193?
True
Is 3141880 a multiple of 28?
True
Is 979584039 a multiple of 1998?
False
Does 32 divide 3486923?
False
Is 24 a factor of 3661176?
True
Does 12632 divide 668738417?
False
Does 53 divide 208830335?
True
Is 21688829 a multiple of 24?
False
Is 64 a factor of 5435924?
False
Does 5124 divide 1018579464?
True
Is 178 a factor of 409272196?
True
Is 13327959 a multiple of 369?
False
Is 25950414 a multiple of 1806?
True
Is 14 a factor of 1155627248?
False
Is 8571466 a multiple of 29?
False
Is 5 a factor of 13279655?
True
Is 18464805 a multiple of 15?
True
Is 331924495 a multiple of 35?
True
Does 37 divide 5159676550?
False
Is 45513858 a multiple of 13?
True
Does 31 divide 1111963459?
True
Is 3221 a factor of 1194771972?
True
Is 143 a factor of 33675275?
False
Does 35 divide 49458966?
False
Does 121 divide 172964369?
False
Is 103797791 a multiple of 48?
False
Does 137 divide 1064904014?
True
Is 114 a factor of 146777622?
True
Is 275 a factor of 44677002?
False
Does 21 divide 94303949?
False
Is 794 a factor of 22229120?
False
Is 610 a factor of 1887385750?
True
Does 4 divide 87450352?
True
Is 142 a factor of 33347706?
True
Does 255 divide 38046479?
False
Is 1041 a factor of 151638988?
False
Does 827 divide 2505183908?
False
Is 71807214 a multiple of 136?
False
Does 121 divide 6080613?
True
Is 93589981 a multiple of 1992?
False
Is 560 a factor of 15748228?
False
Is 14326374 a multiple of 20?
False
Is 29 a factor of 473828737?
False
Does 14 divide 72692073?
False
Is 11994142 a multiple of 218?
True
Does 342 divide 38278052?
False
Is 137704871 a multiple of 25?
False
Is 59 a factor of 178347623?
False
Is 113892857 a multiple of 1636?
False
Does 41 divide 590415621?
True
Does 7 divide 5443740?
False
Is 781911260 a multiple of 10?
True
Does 41 divide 80888941?
True
Does 79 divide 16359320?
True
Is 21161061 a multiple of 30?
False
Does 500 divide 246682613?
False
Is 58 a factor of 52146176?
True
Is 167052876 a multiple of 174?
True
Is 58 a factor of 4672038?
False
Is 1512 a factor of 55954584?
True
Is 395144373 a multiple of 527?
False
Is 27 a factor of 85681827?
True
Is 3049 a factor of 144180767?
False
Is 30 a factor of 51083940?
True
Is 160418048 a multiple of 224?
True
Is 42 a factor of 17493378?
True
Does 24 divide 725593008?
True
Does 134 divide 7492208?
True
Is 17 a factor of 1039499540?
False
Is 1659 a factor of 97765640?
False
Does 1044 divide 1082958948?
True
Is 5580884 a multiple of 749?
False
Is 164 a factor of 31064543?
False
Does 48 divide 16914777?
False
Is 273773760 a multiple of 1040?
True
Is 36441132 a multiple of 663?
True
Does 16 divide 80632592?
True
Is 24 a factor of 117498936?
True
Is 140158356 a multiple of 506?
False
Does 15 divide 771727?
False
Is 72533032 a multiple of 568?
True
Does 377 divide 1455552137?
True
Is 7 a factor of 17803173?
False
Is 61012133 a multiple of 221?
True
Is 408391880 a multiple of 845?
True
Does 313 divide 277792821?
True
Does 18 divide 376520130?
True
Is 89 a factor of 710021627?
False
Does 1009 divide 2492393367?
False
Is 31161791 a multiple of 310?
False
Does 12 divide 597737841?
False
Does 134 divide 230841046?
False
Is 2331 a factor of 384719895?
True
Does 864 divide 19954080?
True
Is 27374299 a multiple of 11?
False
Is 97908096 a multiple of 352?
True
Is 257 a factor of 929507504?
False
Does 4100 divide 278779500?
True
Is 622 a factor of 11881192?
False
Does 4 divide 10262799?
False
Is 515 a factor of 10264980?
True
Is 14 a factor of 45761296?
True
Does 54 divide 1008030479?
False
Is 16 a factor of 12848016?
True
Is 3431 a factor of 151564425?
True
Is 85360503 a multiple of 1713?
True
Does 22 divide 861197897?
False
Does 3453 divide 33257039?
False
Does 449 divide 129381146?
True
Does 253 divide 20051982?
False
Does 863 divide 25051452?
False
Is 2218 a factor of 1432637252?
True
Is 12 a factor of 21867840?
True
Does 5647 divide 331388548?
True
Is 71214300 a multiple of 50?
True
Is 37 a factor of 134224824?
False
Is 263 a factor of 70816169?
True
Does 10 divide 3216770?
True
Is 43092951 a multiple of 59?
True
Does 449 divide 399852011?
True
Does 6 divide 183945165?
False
Is 2795254068 a multiple of 11826?
False
Is 93765480 a multiple of 3266?
False
Is 14 a factor of 26671708?
True
Is 1527 a factor of 411378333?
False
Is 268 a factor of 35511876?
True
Does 30 divide 433734840?
True
Is 9 a factor of 7342156?
False
Is 165237480 a multiple of 8?
True
Does 962 divide 1334981830?
True
Is 9864501 a multiple of 24?
False
Does 54 divide 194920992?
True
Is 7 a factor of 69162758?
True
Is 1085071487 a multiple of 191?
False
Is 36 a factor of 27504936?
True
Does 14 d